[INFO] cloning repository https://github.com/ork821/mp4_splitter
[INFO] running `Command { std: "git" "-c" "credential.helper=" "-c" "credential.helper=/workspace/cargo-home/bin/git-credential-null" "clone" "--bare" "https://github.com/ork821/mp4_splitter" "/workspace/cache/git-repos/https%3A%2F%2Fgithub.com%2Fork821%2Fmp4_splitter", kill_on_drop: false }`
[INFO] [stderr] Cloning into bare repository '/workspace/cache/git-repos/https%3A%2F%2Fgithub.com%2Fork821%2Fmp4_splitter'...
[INFO] running `Command { std: "git" "rev-parse" "HEAD", kill_on_drop: false }`
[INFO] [stdout] f63cfbcee5e5c752925086705bcaf1aa0b6b6266
[INFO] checking ork821/mp4_splitter against master#af3c6e733a40e671550e0f0f5aeecaa13772ba56 for pr-74989
[INFO] running `Command { std: "git" "clone" "/workspace/cache/git-repos/https%3A%2F%2Fgithub.com%2Fork821%2Fmp4_splitter" "/workspace/builds/worker-2/source", kill_on_drop: false }`
[INFO] [stderr] Cloning into '/workspace/builds/worker-2/source'...
[INFO] [stderr] done.
[INFO] validating manifest of git repo https://github.com/ork821/mp4_splitter on toolchain af3c6e733a40e671550e0f0f5aeecaa13772ba56
[INFO] running `Command { std: "/workspace/cargo-home/bin/cargo" "+af3c6e733a40e671550e0f0f5aeecaa13772ba56" "read-manifest" "--manifest-path" "Cargo.toml", kill_on_drop: false }`
[INFO] started tweaking git repo https://github.com/ork821/mp4_splitter
[INFO] finished tweaking git repo https://github.com/ork821/mp4_splitter
[INFO] tweaked toml for git repo https://github.com/ork821/mp4_splitter written to /workspace/builds/worker-2/source/Cargo.toml
[INFO] crate git repo https://github.com/ork821/mp4_splitter already has a lockfile, it will not be regenerated
[INFO] running `Command { std: "/workspace/cargo-home/bin/cargo" "+af3c6e733a40e671550e0f0f5aeecaa13772ba56" "fetch" "--locked" "--manifest-path" "Cargo.toml", kill_on_drop: false }`
[INFO] running `Command { std: "docker" "create" "-v" "/var/lib/crater-agent-workspace/builds/worker-2/target:/opt/rustwide/target:rw,Z" "-v" "/var/lib/crater-agent-workspace/builds/worker-2/source:/opt/rustwide/workdir:ro,Z" "-v" "/var/lib/crater-agent-workspace/cargo-home:/opt/rustwide/cargo-home:ro,Z" "-v" "/var/lib/crater-agent-workspace/rustup-home:/opt/rustwide/rustup-home:ro,Z" "-e" "SOURCE_DIR=/opt/rustwide/workdir" "-e" "CARGO_TARGET_DIR=/opt/rustwide/target" "-e" "CARGO_HOME=/opt/rustwide/cargo-home" "-e" "RUSTUP_HOME=/opt/rustwide/rustup-home" "-w" "/opt/rustwide/workdir" "-m" "1610612736" "--user" "0:0" "--network" "none" "rustops/crates-build-env@sha256:d92eaeed33fa75130ca1ee6c8a01d1ffb62bac859dfdfb3450e3e5d1c0146529" "/opt/rustwide/cargo-home/bin/cargo" "+af3c6e733a40e671550e0f0f5aeecaa13772ba56" "metadata" "--no-deps" "--format-version=1", kill_on_drop: false }`
[INFO] [stdout] b4d1bcf79a6b6bb9df673e85ad81c7ca2187be9cfd9bb413b92f63f7991fad3a
[INFO] [stderr] WARNING: Your kernel does not support swap limit capabilities or the cgroup is not mounted. Memory limited without swap.
[INFO] running `Command { std: "docker" "start" "-a" "b4d1bcf79a6b6bb9df673e85ad81c7ca2187be9cfd9bb413b92f63f7991fad3a", kill_on_drop: false }`
[INFO] running `Command { std: "docker" "inspect" "b4d1bcf79a6b6bb9df673e85ad81c7ca2187be9cfd9bb413b92f63f7991fad3a", kill_on_drop: false }`
[INFO] running `Command { std: "docker" "rm" "-f" "b4d1bcf79a6b6bb9df673e85ad81c7ca2187be9cfd9bb413b92f63f7991fad3a", kill_on_drop: false }`
[INFO] [stdout] b4d1bcf79a6b6bb9df673e85ad81c7ca2187be9cfd9bb413b92f63f7991fad3a
[INFO] running `Command { std: "docker" "create" "-v" "/var/lib/crater-agent-workspace/builds/worker-2/target:/opt/rustwide/target:rw,Z" "-v" "/var/lib/crater-agent-workspace/builds/worker-2/source:/opt/rustwide/workdir:ro,Z" "-v" "/var/lib/crater-agent-workspace/cargo-home:/opt/rustwide/cargo-home:ro,Z" "-v" "/var/lib/crater-agent-workspace/rustup-home:/opt/rustwide/rustup-home:ro,Z" "-e" "SOURCE_DIR=/opt/rustwide/workdir" "-e" "CARGO_TARGET_DIR=/opt/rustwide/target" "-e" "CARGO_INCREMENTAL=0" "-e" "RUST_BACKTRACE=full" "-e" "RUSTFLAGS=--cap-lints=forbid" "-e" "CARGO_HOME=/opt/rustwide/cargo-home" "-e" "RUSTUP_HOME=/opt/rustwide/rustup-home" "-w" "/opt/rustwide/workdir" "-m" "1610612736" "--user" "0:0" "--network" "none" "rustops/crates-build-env@sha256:d92eaeed33fa75130ca1ee6c8a01d1ffb62bac859dfdfb3450e3e5d1c0146529" "/opt/rustwide/cargo-home/bin/cargo" "+af3c6e733a40e671550e0f0f5aeecaa13772ba56" "check" "--frozen" "--all" "--all-targets" "--message-format=json", kill_on_drop: false }`
[INFO] [stdout] f6c37c4927ca5772bcdfd65cb323bdf49dd74c88d28fbfc8056f8c7d75c3c471
[INFO] [stderr] WARNING: Your kernel does not support swap limit capabilities or the cgroup is not mounted. Memory limited without swap.
[INFO] running `Command { std: "docker" "start" "-a" "f6c37c4927ca5772bcdfd65cb323bdf49dd74c88d28fbfc8056f8c7d75c3c471", kill_on_drop: false }`
[INFO] [stderr]     Checking byte_buffer v0.1.0 (https://github.com/ork821/byte_buffer#cd0f66a3)
[INFO] [stderr]     Checking mp4_splitter v0.1.0 (/opt/rustwide/workdir)
[INFO] [stdout] error[E0425]: cannot find function `analyse_name` in this scope
[INFO] [stdout]   --> src/trak.rs:51:13
[INFO] [stdout]    |
[INFO] [stdout] 51 |             analyse_name(name, data);
[INFO] [stdout]    |             ^^^^^^^^^^^^ not found in this scope
[INFO] [stdout] 
[INFO] [stdout] 
[INFO] [stdout] error[E0425]: cannot find function `calculate_data` in this scope
[INFO] [stdout]   --> src/trak.rs:56:27
[INFO] [stdout]    |
[INFO] [stdout] 56 |             Some(stss) => calculate_data(),
[INFO] [stdout]    |                           ^^^^^^^^^^^^^^ not found in this scope
[INFO] [stdout] 
[INFO] [stdout] 
[INFO] [stdout] error[E0425]: cannot find function `extractStts` in this scope
[INFO] [stdout]   --> src/trak.rs:76:23
[INFO] [stdout]    |
[INFO] [stdout] 76 |             "stts" => extractStts(data),
[INFO] [stdout]    |                       ^^^^^^^^^^^ not found in this scope
[INFO] [stdout] 
[INFO] [stdout] 
[INFO] [stdout] error[E0425]: cannot find function `extractStsz` in this scope
[INFO] [stdout]   --> src/trak.rs:77:23
[INFO] [stdout]    |
[INFO] [stdout] 77 |             "stsz" => extractStsz(data),
[INFO] [stdout]    |                       ^^^^^^^^^^^ not found in this scope
[INFO] [stdout] 
[INFO] [stdout] 
[INFO] [stdout] error[E0425]: cannot find function `extractStco` in this scope
[INFO] [stdout]   --> src/trak.rs:78:23
[INFO] [stdout]    |
[INFO] [stdout] 78 |             "stco" => extractStco(data),
[INFO] [stdout]    |                       ^^^^^^^^^^^ not found in this scope
[INFO] [stdout] 
[INFO] [stdout] 
[INFO] [stdout] error[E0425]: cannot find function `extractStsc` in this scope
[INFO] [stdout]   --> src/trak.rs:80:23
[INFO] [stdout]    |
[INFO] [stdout] 80 |             "stsc" => extractStsc(data),
[INFO] [stdout]    |                       ^^^^^^^^^^^ not found in this scope
[INFO] [stdout] 
[INFO] [stdout] 
[INFO] [stdout] error[E0425]: cannot find function `extractStss` in this scope
[INFO] [stdout]   --> src/trak.rs:81:23
[INFO] [stdout]    |
[INFO] [stdout] 81 |             "stss" => extractStss(data),
[INFO] [stdout]    |                       ^^^^^^^^^^^ not found in this scope
[INFO] [stdout] 
[INFO] [stdout] 
[INFO] [stdout] error[E0425]: cannot find value `this` in this scope
[INFO] [stdout]    --> src/trak.rs:166:17
[INFO] [stdout]     |
[INFO] [stdout] 166 |                 this.stsc.push(buffer.ger);
[INFO] [stdout]     |                 ^^^^
[INFO] [stdout]     |                 |
[INFO] [stdout]     |                 not found in this scope
[INFO] [stdout]     |                 help: you might have meant to use `self` here instead
[INFO] [stdout] 
[INFO] [stdout] 
[INFO] [stdout] warning: unnecessary parentheses around `if` condition
[INFO] [stdout]    --> src/trak.rs:165:16
[INFO] [stdout]     |
[INFO] [stdout] 165 |             if (i == entry_count - 1) {
[INFO] [stdout]     |                ^^^^^^^^^^^^^^^^^^^^^^ help: remove these parentheses
[INFO] [stdout]     |
[INFO] [stdout]     = note: `#[warn(unused_parens)]` on by default
[INFO] [stdout] 
[INFO] [stdout] 
[INFO] [stdout] error[E0425]: cannot find function `analyse_name` in this scope
[INFO] [stdout]   --> src/trak.rs:51:13
[INFO] [stdout]    |
[INFO] [stdout] 51 |             analyse_name(name, data);
[INFO] [stdout]    |             ^^^^^^^^^^^^ not found in this scope
[INFO] [stdout] 
[INFO] [stdout] 
[INFO] [stdout] error[E0425]: cannot find function `calculate_data` in this scope
[INFO] [stdout]   --> src/trak.rs:56:27
[INFO] [stdout]    |
[INFO] [stdout] 56 |             Some(stss) => calculate_data(),
[INFO] [stdout]    |                           ^^^^^^^^^^^^^^ not found in this scope
[INFO] [stdout] 
[INFO] [stdout] 
[INFO] [stdout] error[E0425]: cannot find function `extractStts` in this scope
[INFO] [stdout]   --> src/trak.rs:76:23
[INFO] [stdout]    |
[INFO] [stdout] 76 |             "stts" => extractStts(data),
[INFO] [stdout]    |                       ^^^^^^^^^^^ not found in this scope
[INFO] [stdout] 
[INFO] [stdout] 
[INFO] [stdout] error[E0425]: cannot find function `extractStsz` in this scope
[INFO] [stdout]   --> src/trak.rs:77:23
[INFO] [stdout]    |
[INFO] [stdout] 77 |             "stsz" => extractStsz(data),
[INFO] [stdout]    |                       ^^^^^^^^^^^ not found in this scope
[INFO] [stdout] 
[INFO] [stdout] 
[INFO] [stdout] error[E0425]: cannot find function `extractStco` in this scope
[INFO] [stdout]   --> src/trak.rs:78:23
[INFO] [stdout]    |
[INFO] [stdout] 78 |             "stco" => extractStco(data),
[INFO] [stdout]    |                       ^^^^^^^^^^^ not found in this scope
[INFO] [stdout] 
[INFO] [stdout] 
[INFO] [stdout] error[E0425]: cannot find function `extractStsc` in this scope
[INFO] [stdout]   --> src/trak.rs:80:23
[INFO] [stdout]    |
[INFO] [stdout] 80 |             "stsc" => extractStsc(data),
[INFO] [stdout]    |                       ^^^^^^^^^^^ not found in this scope
[INFO] [stdout] 
[INFO] [stdout] 
[INFO] [stdout] error[E0425]: cannot find function `extractStss` in this scope
[INFO] [stdout]   --> src/trak.rs:81:23
[INFO] [stdout]    |
[INFO] [stdout] 81 |             "stss" => extractStss(data),
[INFO] [stdout]    |                       ^^^^^^^^^^^ not found in this scope
[INFO] [stdout] 
[INFO] [stdout] 
[INFO] [stdout] error[E0425]: cannot find value `this` in this scope
[INFO] [stdout]    --> src/trak.rs:166:17
[INFO] [stdout]     |
[INFO] [stdout] 166 |                 this.stsc.push(buffer.ger);
[INFO] [stdout]     |                 ^^^^
[INFO] [stdout]     |                 |
[INFO] [stdout]     |                 not found in this scope
[INFO] [stdout]     |                 help: you might have meant to use `self` here instead
[INFO] [stdout] 
[INFO] [stdout] 
[INFO] [stdout] warning: unnecessary parentheses around `if` condition
[INFO] [stdout]    --> src/trak.rs:165:16
[INFO] [stdout]     |
[INFO] [stdout] 165 |             if (i == entry_count - 1) {
[INFO] [stdout]     |                ^^^^^^^^^^^^^^^^^^^^^^ help: remove these parentheses
[INFO] [stdout]     |
[INFO] [stdout]     = note: `#[warn(unused_parens)]` on by default
[INFO] [stdout] 
[INFO] [stdout] 
[INFO] [stdout] error[E0277]: `Trak` doesn't implement `Debug`
[INFO] [stdout]  --> src/mp4_parser.rs:7:5
[INFO] [stdout]   |
[INFO] [stdout] 7 |     traks : Vec<Trak>
[INFO] [stdout]   |     ^^^^^^^^^^^^^^^^^ `Trak` cannot be formatted using `{:?}`
[INFO] [stdout]   |
[INFO] [stdout]   = help: the trait `Debug` is not implemented for `Trak`
[INFO] [stdout]   = note: add `#[derive(Debug)]` or manually implement `Debug`
[INFO] [stdout]   = note: required because of the requirements on the impl of `Debug` for `Vec<Trak>`
[INFO] [stdout]   = note: required because of the requirements on the impl of `Debug` for `&Vec<Trak>`
[INFO] [stdout]   = note: required for the cast to the object type `dyn Debug`
[INFO] [stdout]   = note: this error originates in a derive macro (in Nightly builds, run with -Z macro-backtrace for more info)
[INFO] [stdout] 
[INFO] [stdout] 
[INFO] [stdout] error[E0277]: `Trak` doesn't implement `Debug`
[INFO] [stdout]  --> src/mp4_parser.rs:7:5
[INFO] [stdout]   |
[INFO] [stdout] 7 |     traks : Vec<Trak>
[INFO] [stdout]   |     ^^^^^^^^^^^^^^^^^ `Trak` cannot be formatted using `{:?}`
[INFO] [stdout]   |
[INFO] [stdout]   = help: the trait `Debug` is not implemented for `Trak`
[INFO] [stdout]   = note: add `#[derive(Debug)]` or manually implement `Debug`
[INFO] [stdout]   = note: required because of the requirements on the impl of `Debug` for `Vec<Trak>`
[INFO] [stdout]   = note: required because of the requirements on the impl of `Debug` for `&Vec<Trak>`
[INFO] [stdout]   = note: required for the cast to the object type `dyn Debug`
[INFO] [stdout]   = note: this error originates in a derive macro (in Nightly builds, run with -Z macro-backtrace for more info)
[INFO] [stdout] 
[INFO] [stdout] 
[INFO] [stdout] error[E0599]: no method named `as_str` found for reference `&str` in the current scope
[INFO] [stdout]   --> src/trak.rs:63:20
[INFO] [stdout]    |
[INFO] [stdout] 63 |         match name.as_str() {
[INFO] [stdout]    |                   -^^^^^^-- help: remove this method call
[INFO] [stdout] 
[INFO] [stdout] 
[INFO] [stdout] error[E0599]: no method named `getInt32` found for struct `Buffer` in the current scope
[INFO] [stdout]    --> src/trak.rs:104:34
[INFO] [stdout]     |
[INFO] [stdout] 104 |         let entry_count = buffer.getInt32();
[INFO] [stdout]     |                                  ^^^^^^^^ method not found in `Buffer`
[INFO] [stdout] 
[INFO] [stdout] 
[INFO] [stdout] error[E0599]: no method named `getInt32` found for struct `Buffer` in the current scope
[INFO] [stdout]    --> src/trak.rs:107:32
[INFO] [stdout]     |
[INFO] [stdout] 107 |             let count = buffer.getInt32();
[INFO] [stdout]     |                                ^^^^^^^^ method not found in `Buffer`
[INFO] [stdout] 
[INFO] [stdout] 
[INFO] [stdout] error[E0599]: no method named `getInt32` found for struct `Buffer` in the current scope
[INFO] [stdout]    --> src/trak.rs:108:32
[INFO] [stdout]     |
[INFO] [stdout] 108 |             let delta = buffer.getInt32();
[INFO] [stdout]     |                                ^^^^^^^^ method not found in `Buffer`
[INFO] [stdout] 
[INFO] [stdout] 
[INFO] [stdout] error[E0599]: no method named `as_str` found for reference `&str` in the current scope
[INFO] [stdout]   --> src/trak.rs:63:20
[INFO] [stdout]    |
[INFO] [stdout] 63 |         match name.as_str() {
[INFO] [stdout]    |                   -^^^^^^-- help: remove this method call
[INFO] [stdout] 
[INFO] [stdout] 
[INFO] [stdout] error[E0599]: no method named `getInt32` found for struct `Buffer` in the current scope
[INFO] [stdout]    --> src/trak.rs:121:34
[INFO] [stdout]     |
[INFO] [stdout] 121 |         let sample_size = buffer.getInt32();
[INFO] [stdout]     |                                  ^^^^^^^^ method not found in `Buffer`
[INFO] [stdout] 
[INFO] [stdout] 
[INFO] [stdout] error[E0599]: no method named `getInt32` found for struct `Buffer` in the current scope
[INFO] [stdout]    --> src/trak.rs:104:34
[INFO] [stdout]     |
[INFO] [stdout] 104 |         let entry_count = buffer.getInt32();
[INFO] [stdout]     |                                  ^^^^^^^^ method not found in `Buffer`
[INFO] [stdout] 
[INFO] [stdout] 
[INFO] [stdout] error[E0599]: no method named `getInt32` found for struct `Buffer` in the current scope
[INFO] [stdout]    --> src/trak.rs:122:34
[INFO] [stdout]     |
[INFO] [stdout] 122 |         let entry_count = buffer.getInt32();
[INFO] [stdout]     |                                  ^^^^^^^^ method not found in `Buffer`
[INFO] [stdout] 
[INFO] [stdout] 
[INFO] [stdout] error[E0609]: no field `ger` on type `Buffer`
[INFO] [stdout]    --> src/trak.rs:166:39
[INFO] [stdout]     |
[INFO] [stdout] 166 |                 this.stsc.push(buffer.ger);
[INFO] [stdout]     |                                       ^^^ unknown field
[INFO] [stdout] 
[INFO] [stdout] 
[INFO] [stdout] error[E0599]: no method named `getInt32` found for struct `Buffer` in the current scope
[INFO] [stdout]    --> src/trak.rs:107:32
[INFO] [stdout]     |
[INFO] [stdout] 107 |             let count = buffer.getInt32();
[INFO] [stdout]     |                                ^^^^^^^^ method not found in `Buffer`
[INFO] [stdout] 
[INFO] [stdout] 
[INFO] [stdout] error[E0599]: no method named `getInt32` found for struct `Buffer` in the current scope
[INFO] [stdout]    --> src/trak.rs:108:32
[INFO] [stdout]     |
[INFO] [stdout] 108 |             let delta = buffer.getInt32();
[INFO] [stdout]     |                                ^^^^^^^^ method not found in `Buffer`
[INFO] [stdout] 
[INFO] [stdout] 
[INFO] [stdout] error: aborting due to 16 previous errors; 1 warning emitted
[INFO] [stdout] 
[INFO] [stdout] 
[INFO] [stdout] Some errors have detailed explanations: E0277, E0425, E0599, E0609.
[INFO] [stdout] 
[INFO] [stdout] For more information about an error, try `rustc --explain E0277`.
[INFO] [stdout] 
[INFO] [stdout] error[E0599]: no method named `getInt32` found for struct `Buffer` in the current scope
[INFO] [stdout]    --> src/trak.rs:121:34
[INFO] [stdout]     |
[INFO] [stdout] 121 |         let sample_size = buffer.getInt32();
[INFO] [stdout]     |                                  ^^^^^^^^ method not found in `Buffer`
[INFO] [stdout] 
[INFO] [stdout] 
[INFO] [stdout] error[E0599]: no method named `getInt32` found for struct `Buffer` in the current scope
[INFO] [stdout]    --> src/trak.rs:122:34
[INFO] [stdout]     |
[INFO] [stdout] 122 |         let entry_count = buffer.getInt32();
[INFO] [stdout]     |                                  ^^^^^^^^ method not found in `Buffer`
[INFO] [stdout] 
[INFO] [stdout] 
[INFO] [stderr] error: could not compile `mp4_splitter`.
[INFO] [stderr] 
[INFO] [stderr] To learn more, run the command again with --verbose.
[INFO] [stderr] warning: build failed, waiting for other jobs to finish...
[INFO] [stdout] error[E0609]: no field `ger` on type `Buffer`
[INFO] [stdout]    --> src/trak.rs:166:39
[INFO] [stdout]     |
[INFO] [stdout] 166 |                 this.stsc.push(buffer.ger);
[INFO] [stdout]     |                                       ^^^ unknown field
[INFO] [stdout] 
[INFO] [stdout] 
[INFO] [stdout] error: aborting due to 16 previous errors; 1 warning emitted
[INFO] [stdout] 
[INFO] [stdout] 
[INFO] [stdout] Some errors have detailed explanations: E0277, E0425, E0599, E0609.
[INFO] [stdout] 
[INFO] [stdout] For more information about an error, try `rustc --explain E0277`.
[INFO] [stdout] 
[INFO] [stderr] error: build failed
[INFO] running `Command { std: "docker" "inspect" "f6c37c4927ca5772bcdfd65cb323bdf49dd74c88d28fbfc8056f8c7d75c3c471", kill_on_drop: false }`
[INFO] running `Command { std: "docker" "rm" "-f" "f6c37c4927ca5772bcdfd65cb323bdf49dd74c88d28fbfc8056f8c7d75c3c471", kill_on_drop: false }`
[INFO] [stdout] f6c37c4927ca5772bcdfd65cb323bdf49dd74c88d28fbfc8056f8c7d75c3c471
